
9
Suppose -4*m - s + 43 = 0, 0*m - 2*m - 5*s - 1 = 0. Suppose -50 = -5*h + 2*t, 3*t - m - 5 = -4*h. Calculate the highest common divisor of h and 56.
8
Suppose -r - 3*r = 0. Suppose p + 0*p - 132 = r. Calculate the highest common factor of 12 and p.
12
Let m = 618 + 552. Suppose 7*k - 2*k - m = 0. What is the greatest common divisor of 26 and k?
26
Let v(u) = u - 2. Let h be v(2). Suppose 4*r + h*n = -3*n + 60, 75 = 5*r + 3*n. Calculate the highest common factor of r and 165.
15
Let b be (-4)/(-10)*(-13 + 18). Let h be (-136)/(-6) + (-2)/3. Calculate the highest common factor of b and h.
2
Suppose 5*s = 2*a - 0*a + 86, 0 = s + 2*a - 10. Calculate the greatest common factor of s and 32.
16
Let q(c) = -5*c**2 + 7*c + 4. Let d(x) = x**3 - 1. Let l(a) = d(a) - q(a). Let s be l(-5). Calculate the greatest common factor of 10 and s.
10
Let g be -1*82*3/(-6). Suppose -4*v - 4*c = -g - 519, -5*v - c + 720 = 0. Let r = v + -49. What is the highest common factor of r and 12?
12
Let v(z) = 32*z**2 + 2*z + 2. Let t(f) = 16*f**2 + f + 1. Let n(p) = 5*t(p) - 2*v(p). Let r be n(-1). What is the greatest common factor of r and 80?
16
Suppose -706 = 4*d - 130. Let y be d/(0 - (-6)/(-4)). Let w = 20 - 8. Calculate the highest common factor of w and y.
12
Suppose 2*y = 2*o + 120, 3*o + 53 = 4*y - 188. Suppose 0*m - m = y. Let a be m/(-7) + 6/21. What is the greatest common divisor of 27 and a?
9
Let w = -3 + 8. Let o be (-4)/1 + 1 + 8. Suppose v = o + w. Calculate the highest common factor of v and 20.
10
Suppose 2*g - 23 = -9. What is the greatest common divisor of 21 and g?
7
Let g = 85 - -131. Let c = 12 - 53. Let q = -17 - c. What is the highest common divisor of q and g?
24
Suppose 3*r + 10 = -5*n - 6, -4*n = 5*r + 18. Let l(d) = -17*d + 2. Let k be l(n). What is the greatest common divisor of 12 and k?
12
Suppose -3*w = 0, 5*w = 6*x - x - 55. Suppose -n + 4*q + 3 = 0, 1 = 4*n - q - x. What is the greatest common factor of 2 and n?
1
Let p be 198/((-21)/(-6) + -2). Suppose -p = -5*s + 3*s. What is the highest common factor of 11 and s?
11
Suppose -z + 64 = 3*z. Let m = 38 - 6. Calculate the greatest common factor of m and z.
16
Suppose -2*i - 3*i + 33 = -4*w, -5*w - 21 = -4*i. Calculate the greatest common factor of 9 and i.
9
Let h = 11 - 1. Let u be (-2)/5 + 452/(-20). Let v = u + 28. Calculate the greatest common factor of v and h.
5
Let f(z) = z + 7. Let g be f(-5). Suppose -4*j = 5*v - 133, -3*j + g*v - 3*v + 108 = 0. Suppose -7 + j = 2*m. Calculate the greatest common factor of 45 and m.
15
Suppose 4*c = -4*f - 32, 12 - 80 = 5*f - 2*c. Let g = f + 20. Let b(n) = 2*n - 20. Let o be b(14). What is the greatest common divisor of o and g?
8
Let h(k) = -k**2 + 10*k - 1. Let t(o) = o - 1. Let w be t(6). Suppose 14 = w*r - 31. Let p be h(r). Calculate the highest common divisor of p and 1.
1
Let x(m) = -m**3 - 20*m**2 + 25. Let q be x(-20). What is the highest common divisor of 100 and q?
25
Let j = -3 - -21. What is the highest common factor of 6 and j?
6
Suppose 12*g - 1112 = -56. Calculate the highest common divisor of 44 and g.
44
Let w = 96 + -66. What is the highest common factor of 105 and w?
15
Let o be -1*2/4*-4. Suppose -7*w = -3*w - 12. Calculate the greatest common factor of o and w.
1
Suppose 0 = g + 3*y - 36, 5*y + 15 = -0*y. What is the greatest common factor of 360 and g?
45
Let m(n) be the second derivative of -3*n + 0 - 3/2*n**3 - 2*n**2. Let k be m(-4). Calculate the greatest common divisor of k and 4.
4
Let w(k) = k**3 + 5*k**2 + 5*k + 4. Suppose -5*v + 5 = s - 6*s, 0 = -2*v - 4. Let m be w(s). Calculate the highest common divisor of m and 28.
7
Let u be (-6)/5*20/(-8). Suppose -3*g + 0*k - 5 = 2*k, 0 = -g + u*k - 9. Let v(j) = -2*j. Let a be v(g). Calculate the greatest common divisor of 15 and a.
3
Let k = 10 - -1. Suppose 2*a + p = -2*p + 279, -3*a = -3*p - 396. Let u = -58 + a. Calculate the greatest common factor of k and u.
11
Let h be (-1 + 44)*(-2 - -3). Let u = h + -26. Let o = 189 + -121. Calculate the greatest common factor of o and u.
17
Let o(u) = -u**3 - 2*u**2 + 4. Suppose 3*i = n + 16, n - 2*i + 20 = -2*n. Let p be o(n). What is the greatest common factor of 24 and p?
12
Let u = -194 - -275. What is the greatest common divisor of 54 and u?
27
Let r be ((-3)/(-1))/(3/10). Let w be (-2)/(-3) + 4/(-6). Suppose 3*d - n - 31 = w, -d = -0*d - n - 11. What is the greatest common factor of d and r?
10
Suppose -j - 85 = 4*r, 6*j - 3*j = 4*r + 65. Let f = -12 - r. Calculate the greatest common factor of 8 and f.
8
Let z(s) = -10*s + 3. Let u(v) = -v - 1. Let p(w) = u(w) + z(w). Let q be p(-2). Calculate the greatest common divisor of q and 3.
3
Let d = 90 + -54. Let i = d + -25. What is the highest common factor of i and 11?
11
Suppose 0*v = v - 2. Suppose -v*g = 22 - 162. Let q be 10 - (0/(-1))/(-1). What is the greatest common divisor of q and g?
10
Let g = 89 - 75. What is the highest common factor of 70 and g?
14
Let h(i) = i**3 + 7*i**2 + 4*i. Let n be h(-6). Suppose 59 + 31 = 3*z. What is the highest common factor of z and n?
6
Suppose 4*v = 3*i - 19, -5*i - 2*v = -3*i - 8. Calculate the greatest common factor of i and 55.
5
Suppose i = 5*n - 16, n - 4*n + 60 = 5*i. What is the greatest common factor of i and 27?
9
Let b(w) = 2*w**3 + w. Let s be b(1). Suppose -s*x - 4*j + 8 = -x, -12 = -3*x + j. Calculate the highest common factor of 32 and x.
4
Let i(r) = -7 + 7*r - 2*r + 0*r. Let q be i(7). Let f be 30/7 + (-4)/14. Calculate the greatest common divisor of f and q.
4
Suppose -5*h = -407 - 258. Let w(m) = m**2 + 2*m - 5. Let i be w(4). What is the greatest common divisor of h and i?
19
Suppose -g + 12 = 3*d, 5 = -g + 3*d - 1. Suppose -g*f + 5*f = -6, -4*f - 88 = -4*w. What is the highest common divisor of w and 19?
19
Let b(i) = 8*i**3 - 8*i**2 + 2*i. Let o be b(3). What is the highest common divisor of o and 30?
30
Let i be (-26)/(-8) - (30/(-8) - -4). Let k = -12 - -33. What is the greatest common factor of i and k?
3
Suppose 0*z = -3*z + 135. Suppose 0 = 2*i + 3*i - z. What is the greatest common divisor of i and 6?
3
Suppose 15 = -5*i, 6*r - 698 = 2*r - 2*i. Let x be -2 + 5 - 0/(-1). Let w be (-2)/x*(-2 + -22). Calculate the highest common factor of r and w.
16
Let y(v) = 4*v**2 + 3*v. Let f be y(-3). Calculate the greatest common factor of f and 108.
27
Let o = -1 - -9. Let v be ((-10)/(-3))/(o/12). Suppose -5*z = x + 23, -3*z - 15 = -v*x - 2*z. What is the highest common divisor of 10 and x?
2
Suppose 19 + 46 = 5*f. What is the greatest common divisor of 26 and f?
13
Suppose 4*o - x - 20 = 3*x, -3*o = 2*x - 25. Suppose -o*y = -2*y + t - 59, 3*y - 31 = -5*t. Calculate the highest common factor of y and 18.
6
Let p be (0 - (-5)/2)*8. Suppose 0 = x - 3*x - 4*u + 214, 3*u + 249 = 2*x. Let q = 167 - x. Calculate the highest common factor of q and p.
10
Let a(w) = -4*w**3 + 4*w**2 + 5*w - 3. Let k be a(-4). Let t be 2 - (4 + -30 + 1). Calculate the greatest common divisor of t and k.
27
Let r be (1 - -2) + 4/2. Suppose 0 = -6*n + n + r. Suppose 2*a - 2*w - 14 = 0, 4*a - 28 = w + 2*w. Calculate the highest common divisor of a and n.
1
Let i(h) = -h**3 - 3*h**2 - 3*h - 2. Let o be i(-5). Suppose 0 = -5*c + 2*c + 21. What is the highest common factor of c and o?
7
Let i(t) = -t**2 + 9*t + 1. Let f be i(9). Let v(r) = r**2 - 2*r. Suppose 12 = 2*g + g. Let m be v(g). Calculate the highest common factor of m and f.
1
Suppose -10*l + 18 = -52. Suppose 3*u = y - 23 - 6, 0 = -2*y + 5*u + 59. Let i = -18 + y. What is the highest common divisor of l and i?
7
Let v = 244 - 140. Calculate the highest common divisor of 13 and v.
13
Suppose -3*q + 5*p - 3 - 9 = 0, -5*p + 17 = 2*q. Let i be (q + -1)/1 - -2. Suppose 0*g = 2*s - 2*g - 28, 0 = g. What is the highest common divisor of i and s?
2
Suppose d = 3*n + 21, -n - 2*n - 39 = -4*d. Let s be 4/d*(11 - 2). Let x(c) = 10*c + 6. Let p be x(6). Calculate the greatest common factor of s and p.
6
Let k = -176 - -272. Let o = 4 + 12. What is the greatest common factor of k and o?
16
Suppose -5*s - j - 112 = -499, -4*s + 314 = 3*j. Suppose -23 - s = -t. Calculate the highest common divisor of t and 25.
25
Let h(o) = -o**2 - 8*o + 9. Let f be h(-9). Suppose n - 4*n + 30 = f. What is the great